+ -776)
-18
Evaluate (39 - 18 - -24) + -1 + -22.
22
What is -49 + (-22 - 1) + (-485 - -525)?
-32
2 + -10 - (38 + 4 + (3 - (-2 - -4)))
-51
What is the value of 22 + -29 + (-47 - 4) + 17 + -9?
-50
Calculate 13 + -15 - (-1 + (-13 - -12)) - (-4 - 80).
84
Calculate -141 + 3 + 1 + (12 - (-15 - -24)).
-134
What is -18 + 49 + (-29 - 2)?
0
Evaluate 86 + (-101 + 38 - -1).
24
Calculate 41 - 19 - (9 + (-15 - (5 - 24))).
9
What is -111 + 75 - (-5 + 3 - -1)?
-35
What is (-41 - -16 - -5) + 17 + 23 + -157?
-137
6 + 21 + (-10 - -2) + -13 + 10
16
Calculate 27 + -27 + (-22 + -6 - -34).
6
24 + (7 - (3 - ((2 - -3) + (3 - 13))))
23
What is (-4 - (65 - 5 - (-1 - 5 - -14))) + -6?
-62
Evaluate -3 - (-14 - (-22 + 5)) - (1 + (-3 - -5)).
-9
1 - 3 - ((0 - 6) + 18 - -1)
-15
31 - 46 - -26 - (41 - ((-2 - -1) + 1))
-30
Evaluate -3 + (-12 - -50) + -15 + -24.
-4
Calculate (45 - 0) + (-226 - -229).
48
What is (-22 + 10 - -7) + 0 + 56 + (10 - -2)?
63
Calculate -11 - -8 - (6 - ((22 - 5) + -1)) - -32.
39
Evaluate 11 + (-1 + -26 - -10) - ((2 - -9) + -2).
-15
83 + (-76 - -124 - 117)
14
What is the value of -22 + (-8 - -9) + 8 + -7 + 8 + -1?
-13
What is 13 + 0 + -1 + (-148 - (-124 + -15))?
3
Evaluate (0 + -1 - 0) + -12906 + 12958 - -22.
73
What is the value of (50 - (43 + 4)) + -21?
-18
(-217 + 287 - 63) + -2 + -30 + (2 - 2)
-25
What is the value of -3 + -13 + (550 - 469)?
65
What is the value of (3 + -9 + (-24 - -37) - 21) + 23?
9
What is the value of -100 + 39 + -40 + 143?
42
What is 33 + (53 - 145) - -42?
-17
What is the value of 16 + -18 + -14 + (5 - -2) - 1 - -57?
47
Evaluate -88 + 59 + -18 + 40 + -10.
-17
Calculate (63 - (-57 - -187)) + -20.
-87
What is the value of -17 + (-2 + 4 - (-1 - -12) - (12 - 21))?
-17
What is the value of 18 + -23 - (-17 + (18 - -17))?
-23
Calculate -12 + (-5 - (-18 + -6) - (0 - 7)) - 8.
6
Evaluate -23 + (9 - -2) + -20 - (-14 + 22).
-40
What is the value of (-38 - -95) + -45 + -11 + 0 + 7 - 27?
-19
Evaluate -31 + -10 + (44 - (-16 + 32)).
-13
Evaluate -68 - 0 - (-18 + -8).
-42
Calculate 66 + (-25 - -31) + -35.
37
Evaluate (16 - 19) + -2 + 0 + 2 + 20.
17
-56 + (44 - -20) - (-1 - -15 - 0) - 44
-50
-96 - (-24 - -59) - -227
96
Evaluate -20 + 6 + (-47 - (-27 - -4)).
-38
45 + -47 + -2 + 5 - (-1 + 36 + 1)
-35
-3 - (-75 + -11 + -2 + -4 + 9)
80
What is 65 - (-29 + (0 - -6))?
88
-3 - (-26 + -15 + 24) - 18
-4
-9 - (-1 - (0 - 0)) - (-56 - (320 + -392))
-24
2 + (-43 - (-23 + (28 - 25))) + 161
140
Evaluate -5 - (-11 - -1) - (1 - (-76 - (-20 - -6))).
-58
Calculate 1 + (6 - -2) - (119 + -52 + 9 + -35).
-32
Evaluate -36 - (17 + (15 - 30) + -37).
-1
-8 + (1 - 2 - -4) + 13 + 46
54
Evaluate 76 + (4 - 29) - 15.
36
What is -13 + -26 + (48 - 14)?
-5
-28 - -35 - (36 - (14 - 29))
-44
What is -38 + 77 + -58 - (1 + -8 + 7)?
-19
Calculate (3 - -18) + 22 + -38 - (15 + 0).
-10
What is the value of 73 + -13 + -36 + -49?
-25
Calculate -9 + -41 + 8 + 55 + (2 - 31).
-16
What is (7 - 6) + 28 + -46 - -109?
92
What is (49 - 4) + 167 + -213?
-1
What is the value of 18 + 0 - (-862 - -882)?
-2
What is (3 + -4 - 3) + (5 + -30 - (3 - 5))?
-27
What is the value of 33 + -1 + -55 + 25 + 58?
60
What is -6 + (-12 - ((0 + -1 - -3) + (-7 - -10)))?
-23
Evaluate 5 + (362 + -375 - (-18 + 0)) + 20.
30
-20 + 1 + 0 + (-567 - -278 - -306)
-2
What is 27 + (10 - (-4 - (1 + (3 - 10 - 14))))?
21
1 + 21 - (-21 + 99 + -26)
-30
844 + -814 - (-2 + -19)
51
Calculate 6 + (21 - 35) + -25.
-33
(1 + -1 - -37) + (102 + -170 - -74)
43
Evaluate -18 + 3 + (2 - 5 - (-56 - -49)) + -58.
-69
Evaluate -53 + (-13 - (-61 + 18)) + 77.
54
Calculate 77 + -71 - (-2 - (30 - (8 + -12))).
42
What is -11 - (-14 + (12 - -24) + 4 + 10 + -4)?
-43
Calculate -57 - -1 - (1 + 37 + (-14 - -1) - 19).
-62
Evaluate -15 + -44 + (22 - -150).
113
Calculate 4 + (16 - 37 - -12 - (-2 - 5)) + -53.
-51
What is 43 - -1 - (-4 - ((-14 - -2) + (-10 - -9)))?
35
What is (-4509 - -4513) + (2 - 0 - 16)?
-10
Calculate -28 + -5 + (8 - (-1 - (-15 - -5))).
-34
Evaluate (-6 + 15 - (68 + -43)) + -15.
-31
What is the value of (-7 + 31 + -25 + 0 + -18 - -11) + 30?
22
What is -14 + 2 - (28 - (75 - 3))?
32
Calculate -11 - (79 + 20 + -63).
-47
Calculate 30 + (-12 - -8) + (-10 - -22 - 1).
37
What is the value of 29 + 23 + -56 + 25?
21
What is (-52 - -1 - (-108 - -97)) + (-2 - (10 + -16))?
-36
18 + -9 - ((-4 - -1) + (10 + 31 - 8))
-21
71 - (39 + -57 + 1)
88
What is (-4 + 21 - (-33 - -24 - -97)) + -14?
-85
Calculate 2 - -5 - -4 - (40 - 137 - -73).
35
Calculate 2 + 0 + -55 - (31 + -38 + 25).
-71
Calculate -14 + -10 + 138 + (299 - 318).
95
Calculate 2 + (-71 - (-2 - (-22 - -31))).
-58
Evaluate 0 + (11 - (3 + -1 - (60 + -49))).
20
What is the value of -6 - 3 - -1 - (-4333 - -4400)?
-75
21 - ((38 - 14) + 23) - 23
-49
What is -22 + (113 - (8 - (23 - -6))) + (-17 - -3)?
98
What is the value of -18 + -7 - (-95 + 44)?
26
2 + (-3 - -3 - 2) + -58 - (9356 + -9359)
-55
What is 305 + -304 + (49 - (0 + 0))?
50
Evaluate -1 + 3 + 7 - ((-6 + -13 - 40) + 16).
52
1 - (-52 - (-2 - -5)) - (-266 - -271)
51
Calculate (23 - (11 - -80)) + 169.
101
What is the value of 87 + (-120 - -182) + -239?
-90
(15 - (14 + 19)) + 30 + -25
-13
What is 9 - (31 + (-1 - (7 + -1 - 4)))?
-19
Calculate 38 - 34 - (-4 + 1 + -28 + 58).
-23
What is -3 + -6 - ((-12 - -27) + -13 + 5 - -8)?
-24
What is the value of -59 - (-8 + -62 - -53)?
-42
(-2 - -6) + 6 + -20 + (373 - 280)
83
Calculate -22 + -15 + 1 + 10.
-26
32 - (-20 - -52) - (3 - -4)
-7
-23 - 2 - -2 - (119 - (-126 + 112))
-156
What is the value of -12 - 1 - (9 + -1 + 5 + 1)?
-27
What is the value of 30 + 5 + -21 - (-1 + -13 - (-7 - -6))?
27
What is (1 + 13 - (-227 + 249)) + -28 + 0?
-36
(10 - 23) + (-70 - -26)
-57
What is the value of -17 + (0 - -20) + 17 - -5?
25
What is 7 + -138 - (-2378 - -2294)?
-47
Calculate -4 + 10 - (39 - (35 + -22)).
-20
What is -19 - (-16 - 2 - 0) - 17 - 63?
-81
(12 - (42 - 31)) + (4 - (1 - 13))
17
What is (-34 - -49) + 7 + 30 - 4?
48
What is 1 + -4 - (15 + -63 + 19)?
26
Calculate (73 - 124) + -29 + 62.
-18
What is 21 + 7 - 13 - (25 - (23 + -8))?
5
Calculate (-74 - -50) + 5 + 9.
-10
What is the value of -66 + (-22 - -58) + (5 - 23)?
-48
Evaluate 5 + (31 - 40) + (4 - 34) + 0.
-34
Evaluate -8 + 42 + (-11 - -19) + -11.
31
Evaluate 7 + (-28 + 13 - 11) + 30.
11
What is (22 - -94 - 60 - 61) + 1 + (9 - 0)?
5
What is -79 - -35 - -149 - 39?
66
What is the value of -33 + 2 - (-1 + 13 + -6) - -9?
-28
What is the value of -50 + (6 - (17 + -20)) + 6?
-35
What is the value of 74 - 15 - 65 - 60?
-66
Calculate 40 + 24 - (-15 + (-17 - -51)).
45
What is the value of -24 + 2 + 5 + -11 + 2?
-26
What is the value of -32 + (-6 - (8 + -53 + 24))?
-17
What is (-528 - -653) + (1 - 53)?
73
What is -1045 + 1036 + -2 + -5 + 8 + -24?
-32
Evaluate -114 - -84 - (-5 - 27).
2
What is -6 + (-10 - 8 - (-12 + -3 + 7))?
-16
What is (-10 - (-30 + (7 + 12 - 28))) + (1 - 1)?
29
What is (13 - -3) + 4 + 22 + -55?
-13
Evaluate 24 + -1 - (2619 + -2634).
38
What is the value of -9 - (-7 - (-27 + 25) - -66)?
-70
What is the value of -7 - -94 - (20 + 0 + (-28 - (-26 - -7)))?
76
(-3363 - -3331) + (48 - 0) - (1 + 73)
-58
What is the value of -113 + -1 - (-30 + 12 + -5)?
-91
(-1437 - -1475) + (5 - 12 - -3)
34
What is -20 + (-28 - -35) - (40 - -16)?
-69
Evaluate -105 + 21 + (-39 + -2 - (-15 - 4)).
-106
Calculate 5 + -4 + -13 + 4 - -32 - 11.
13
Calculate -24 + (-20 - -40) - 52.
-56
-23 + (76 - 58) - -73
68
-4 + -74 + 128 + -68
-18
Calculate -17 - (-47 + 4 + 58).
-32
What is -42 + 104 - (4 - -4)?
54
Calculate 0 + -31 - (10 - (-12 + 13) - 23).
-17
What is -2 + (3 + -5 - -10) + (564 - 522)?
48
What is the value of (24 + -29 - -48 - 6) + 0 + 5 + 3?
45
Calculate 38 + (11 - 9 - 2) + (-2 - 1).
35
-159 + 23 + 49 + 144
57
What is the value of 5 - (-23 + (-17 - -43) - (0 + -9))?
-7
Evaluate 17 - (1 + 16 - (239 + -163)) - -20.
96
Evaluate 145 + -297 + 71 + 0.
-81
What is the value of -160 + -8 - (-1867 - -1822)?
-123
What is 0 + -14 + (7 - -28) + (-39 - -57)?
39
What is the value of (5 - -14) + (-1438 - -1410)?
-9
What is 14 - (-1 - (-8 + 7 + 0)) - 54?
-40
Evaluate (-1957 - -1891) + -2 + 160.
92
Evaluate 47 + (-84 - (-11 + -6)).
-20
What is the value of (4 - 2) + -6 - 1 - (196 - 236)?
35
(44 - (12 - -28)) + 88
92
Calculate (-42 - (97 + -48)) + (-9 - -26).
-74
-15 + -36 + 46 + -33
-38
Evaluate 0 + 23 + (103 